{"id":1435,"date":"2024-12-18T09:00:16","date_gmt":"2024-12-18T09:00:16","guid":{"rendered":"https:\/\/beta.todanelo.com\/team\/pau-nel-lo-padro\/"},"modified":"2026-04-14T06:25:58","modified_gmt":"2026-04-14T06:25:58","slug":"pau-nel-lo-padro","status":"publish","type":"team","link":"https:\/\/www.todanelo.com\/fr\/equipo-profesional\/pau-nel-lo-padro\/","title":{"rendered":"Pau Nel-lo Padr\u00f3"},"content":{"rendered":"<ul>\n<li>Directeur Associ\u00e9 du d\u00e9partement de Droit commercial et des affaires du cabinet.<\/li>\n<li>Sp\u00e9cialiste en mati\u00e8re de Droit des Soci\u00e9t\u00e9s et en droit des Contrats commerciaux.<\/li>\n<li>Ma\u00eetrise en Droit de l\u2019Institut National de Droit et de l\u2019Economie (FERT-INEDE) et dipl\u00f4m\u00e9 en 1992 de l\u2019Universit\u00e9 UNED.<\/li>\n<li>Ma\u00eetre de conf\u00e9rences en Droit soci\u00e9taire dans le cadre de la formation du Master en Droit International des Affaires \u00e0 la facult\u00e9 de Droit de ESADE (Ecole Sup\u00e9rieure d\u2019Administration et Direction d\u2019Entreprises).<\/li>\n<li>Avocat inscrit au Barreau de Barcelone depuis 1994.<\/li>\n<\/ul>\n","protected":false},"excerpt":{"rendered":"<p>Directeur Associ\u00e9 du d\u00e9partement de Droit commercial et des affaires du cabinet. Sp\u00e9cialiste en mati\u00e8re de Droit des Soci\u00e9t\u00e9s et en droit des Contrats commerciaux. Ma\u00eetrise en Droit de l\u2019Institut &hellip;<\/p>\n","protected":false},"featured_media":4502,"template":"","meta":{"_acf_changed":false,"footnotes":""},"language":[96,99,102],"jerarquia":[158],"expertise":[431,434,437,427,440],"sector":[],"class_list":["post-1435","team","type-team","status-publish","has-post-thumbnail","hentry","language-espanol-fr","language-catala-fr","language-english-fr","jerarquia-associe","expertise-contrats-commerciaux","expertise-droit-des-societes","expertise-entreprises-familiales-protocoles-familiaux-et-successions","expertise-droit-commercial-et-ma","expertise-fusions-et-acquisitions"],"acf":[],"yoast_head":"<!-- This site is optimized with the Yoast SEO plugin v27.4 - https:\/\/yoast.com\/product\/yoast-seo-wordpress\/ -->\n<title>Pau Nel-lo Padr\u00f3 - Toda &amp; Nel-lo Abogados<\/title>\n<meta name=\"description\" content=\"Directeur Associ\u00e9 du d\u00e9partement de Droit commercial et des affaires du cabinet. Sp\u00e9cialiste en mati\u00e8re de Droit des Soci\u00e9t\u00e9s et en droit des Contrats\" \/>\n<meta name=\"robots\" content=\"index, follow, max-snippet:-1, max-image-preview:large, max-video-preview:-1\" \/>\n<link rel=\"canonical\" href=\"https:\/\/www.todanelo.com\/fr\/equipo-profesional\/pau-nel-lo-padro\/\" \/>\n<meta property=\"og:locale\" content=\"fr_FR\" \/>\n<meta property=\"og:type\" content=\"article\" \/>\n<meta property=\"og:title\" content=\"Pau Nel-lo Padr\u00f3 - Toda &amp; Nel-lo Abogados\" \/>\n<meta property=\"og:description\" content=\"Directeur Associ\u00e9 du d\u00e9partement de Droit commercial et des affaires du cabinet. Sp\u00e9cialiste en mati\u00e8re de Droit des Soci\u00e9t\u00e9s et en droit des Contrats\" \/>\n<meta property=\"og:url\" content=\"https:\/\/www.todanelo.com\/fr\/equipo-profesional\/pau-nel-lo-padro\/\" \/>\n<meta property=\"og:site_name\" content=\"Toda &amp; Nel-lo Abogados\" \/>\n<meta property=\"article:modified_time\" content=\"2026-04-14T06:25:58+00:00\" \/>\n<meta property=\"og:image\" content=\"https:\/\/www.todanelo.com\/wp-content\/uploads\/BCF038956-bn.jpg\" \/>\n\t<meta property=\"og:image:width\" content=\"1296\" \/>\n\t<meta property=\"og:image:height\" content=\"972\" \/>\n\t<meta property=\"og:image:type\" content=\"image\/jpeg\" \/>\n<meta name=\"twitter:card\" content=\"summary_large_image\" \/>\n<meta name=\"twitter:label1\" content=\"Dur\u00e9e de lecture estim\u00e9e\" \/>\n\t<meta name=\"twitter:data1\" content=\"1 minute\" \/>\n<script type=\"application\/ld+json\" class=\"yoast-schema-graph\">{\"@context\":\"https:\\\/\\\/schema.org\",\"@graph\":[{\"@type\":\"WebPage\",\"@id\":\"https:\\\/\\\/www.todanelo.com\\\/fr\\\/equipo-profesional\\\/pau-nel-lo-padro\\\/\",\"url\":\"https:\\\/\\\/www.todanelo.com\\\/fr\\\/equipo-profesional\\\/pau-nel-lo-padro\\\/\",\"name\":\"Pau Nel-lo Padr\u00f3 - Toda &amp; Nel-lo Abogados\",\"isPartOf\":{\"@id\":\"https:\\\/\\\/www.todanelo.com\\\/fr\\\/#website\"},\"primaryImageOfPage\":{\"@id\":\"https:\\\/\\\/www.todanelo.com\\\/fr\\\/equipo-profesional\\\/pau-nel-lo-padro\\\/#primaryimage\"},\"image\":{\"@id\":\"https:\\\/\\\/www.todanelo.com\\\/fr\\\/equipo-profesional\\\/pau-nel-lo-padro\\\/#primaryimage\"},\"thumbnailUrl\":\"https:\\\/\\\/www.todanelo.com\\\/wp-content\\\/uploads\\\/BCF038956-bn.jpg\",\"datePublished\":\"2024-12-18T09:00:16+00:00\",\"dateModified\":\"2026-04-14T06:25:58+00:00\",\"description\":\"Directeur Associ\u00e9 du d\u00e9partement de Droit commercial et des affaires du cabinet. Sp\u00e9cialiste en mati\u00e8re de Droit des Soci\u00e9t\u00e9s et en droit des Contrats\",\"breadcrumb\":{\"@id\":\"https:\\\/\\\/www.todanelo.com\\\/fr\\\/equipo-profesional\\\/pau-nel-lo-padro\\\/#breadcrumb\"},\"inLanguage\":\"fr-FR\",\"potentialAction\":[{\"@type\":\"ReadAction\",\"target\":[\"https:\\\/\\\/www.todanelo.com\\\/fr\\\/equipo-profesional\\\/pau-nel-lo-padro\\\/\"]}]},{\"@type\":\"ImageObject\",\"inLanguage\":\"fr-FR\",\"@id\":\"https:\\\/\\\/www.todanelo.com\\\/fr\\\/equipo-profesional\\\/pau-nel-lo-padro\\\/#primaryimage\",\"url\":\"https:\\\/\\\/www.todanelo.com\\\/wp-content\\\/uploads\\\/BCF038956-bn.jpg\",\"contentUrl\":\"https:\\\/\\\/www.todanelo.com\\\/wp-content\\\/uploads\\\/BCF038956-bn.jpg\",\"width\":1296,\"height\":972},{\"@type\":\"BreadcrumbList\",\"@id\":\"https:\\\/\\\/www.todanelo.com\\\/fr\\\/equipo-profesional\\\/pau-nel-lo-padro\\\/#breadcrumb\",\"itemListElement\":[{\"@type\":\"ListItem\",\"position\":1,\"name\":\"Inicio\",\"item\":\"https:\\\/\\\/www.todanelo.com\\\/fr\\\/\"},{\"@type\":\"ListItem\",\"position\":2,\"name\":\"Pau Nel-lo Padr\u00f3\"}]},{\"@type\":\"WebSite\",\"@id\":\"https:\\\/\\\/www.todanelo.com\\\/fr\\\/#website\",\"url\":\"https:\\\/\\\/www.todanelo.com\\\/fr\\\/\",\"name\":\"Toda &amp; Nel-lo Abogados\",\"description\":\"Bureaux juridiques \u00e0 Barcelone et \u00e0 Madrid\",\"publisher\":{\"@id\":\"https:\\\/\\\/www.todanelo.com\\\/fr\\\/#organization\"},\"potentialAction\":[{\"@type\":\"SearchAction\",\"target\":{\"@type\":\"EntryPoint\",\"urlTemplate\":\"https:\\\/\\\/www.todanelo.com\\\/fr\\\/?s={search_term_string}\"},\"query-input\":{\"@type\":\"PropertyValueSpecification\",\"valueRequired\":true,\"valueName\":\"search_term_string\"}}],\"inLanguage\":\"fr-FR\"},{\"@type\":\"Organization\",\"@id\":\"https:\\\/\\\/www.todanelo.com\\\/fr\\\/#organization\",\"name\":\"Toda &amp; Nel-lo Abogados\",\"url\":\"https:\\\/\\\/www.todanelo.com\\\/fr\\\/\",\"logo\":{\"@type\":\"ImageObject\",\"inLanguage\":\"fr-FR\",\"@id\":\"https:\\\/\\\/www.todanelo.com\\\/fr\\\/#\\\/schema\\\/logo\\\/image\\\/\",\"url\":\"https:\\\/\\\/www.todanelo.com\\\/wp-content\\\/uploads\\\/logo-todanelo.png\",\"contentUrl\":\"https:\\\/\\\/www.todanelo.com\\\/wp-content\\\/uploads\\\/logo-todanelo.png\",\"width\":390,\"height\":161,\"caption\":\"Toda &amp; Nel-lo Abogados\"},\"image\":{\"@id\":\"https:\\\/\\\/www.todanelo.com\\\/fr\\\/#\\\/schema\\\/logo\\\/image\\\/\"}}]}<\/script>\n<!-- \/ Yoast SEO plugin. -->","yoast_head_json":{"title":"Pau Nel-lo Padr\u00f3 - Toda &amp; Nel-lo Abogados","description":"Directeur Associ\u00e9 du d\u00e9partement de Droit commercial et des affaires du cabinet. Sp\u00e9cialiste en mati\u00e8re de Droit des Soci\u00e9t\u00e9s et en droit des Contrats","robots":{"index":"index","follow":"follow","max-snippet":"max-snippet:-1","max-image-preview":"max-image-preview:large","max-video-preview":"max-video-preview:-1"},"canonical":"https:\/\/www.todanelo.com\/fr\/equipo-profesional\/pau-nel-lo-padro\/","og_locale":"fr_FR","og_type":"article","og_title":"Pau Nel-lo Padr\u00f3 - Toda &amp; Nel-lo Abogados","og_description":"Directeur Associ\u00e9 du d\u00e9partement de Droit commercial et des affaires du cabinet. Sp\u00e9cialiste en mati\u00e8re de Droit des Soci\u00e9t\u00e9s et en droit des Contrats","og_url":"https:\/\/www.todanelo.com\/fr\/equipo-profesional\/pau-nel-lo-padro\/","og_site_name":"Toda &amp; Nel-lo Abogados","article_modified_time":"2026-04-14T06:25:58+00:00","og_image":[{"width":1296,"height":972,"url":"https:\/\/www.todanelo.com\/wp-content\/uploads\/BCF038956-bn.jpg","type":"image\/jpeg"}],"twitter_card":"summary_large_image","twitter_misc":{"Dur\u00e9e de lecture estim\u00e9e":"1 minute"},"schema":{"@context":"https:\/\/schema.org","@graph":[{"@type":"WebPage","@id":"https:\/\/www.todanelo.com\/fr\/equipo-profesional\/pau-nel-lo-padro\/","url":"https:\/\/www.todanelo.com\/fr\/equipo-profesional\/pau-nel-lo-padro\/","name":"Pau Nel-lo Padr\u00f3 - Toda &amp; Nel-lo Abogados","isPartOf":{"@id":"https:\/\/www.todanelo.com\/fr\/#website"},"primaryImageOfPage":{"@id":"https:\/\/www.todanelo.com\/fr\/equipo-profesional\/pau-nel-lo-padro\/#primaryimage"},"image":{"@id":"https:\/\/www.todanelo.com\/fr\/equipo-profesional\/pau-nel-lo-padro\/#primaryimage"},"thumbnailUrl":"https:\/\/www.todanelo.com\/wp-content\/uploads\/BCF038956-bn.jpg","datePublished":"2024-12-18T09:00:16+00:00","dateModified":"2026-04-14T06:25:58+00:00","description":"Directeur Associ\u00e9 du d\u00e9partement de Droit commercial et des affaires du cabinet. Sp\u00e9cialiste en mati\u00e8re de Droit des Soci\u00e9t\u00e9s et en droit des Contrats","breadcrumb":{"@id":"https:\/\/www.todanelo.com\/fr\/equipo-profesional\/pau-nel-lo-padro\/#breadcrumb"},"inLanguage":"fr-FR","potentialAction":[{"@type":"ReadAction","target":["https:\/\/www.todanelo.com\/fr\/equipo-profesional\/pau-nel-lo-padro\/"]}]},{"@type":"ImageObject","inLanguage":"fr-FR","@id":"https:\/\/www.todanelo.com\/fr\/equipo-profesional\/pau-nel-lo-padro\/#primaryimage","url":"https:\/\/www.todanelo.com\/wp-content\/uploads\/BCF038956-bn.jpg","contentUrl":"https:\/\/www.todanelo.com\/wp-content\/uploads\/BCF038956-bn.jpg","width":1296,"height":972},{"@type":"BreadcrumbList","@id":"https:\/\/www.todanelo.com\/fr\/equipo-profesional\/pau-nel-lo-padro\/#breadcrumb","itemListElement":[{"@type":"ListItem","position":1,"name":"Inicio","item":"https:\/\/www.todanelo.com\/fr\/"},{"@type":"ListItem","position":2,"name":"Pau Nel-lo Padr\u00f3"}]},{"@type":"WebSite","@id":"https:\/\/www.todanelo.com\/fr\/#website","url":"https:\/\/www.todanelo.com\/fr\/","name":"Toda &amp; Nel-lo Abogados","description":"Bureaux juridiques \u00e0 Barcelone et \u00e0 Madrid","publisher":{"@id":"https:\/\/www.todanelo.com\/fr\/#organization"},"potentialAction":[{"@type":"SearchAction","target":{"@type":"EntryPoint","urlTemplate":"https:\/\/www.todanelo.com\/fr\/?s={search_term_string}"},"query-input":{"@type":"PropertyValueSpecification","valueRequired":true,"valueName":"search_term_string"}}],"inLanguage":"fr-FR"},{"@type":"Organization","@id":"https:\/\/www.todanelo.com\/fr\/#organization","name":"Toda &amp; Nel-lo Abogados","url":"https:\/\/www.todanelo.com\/fr\/","logo":{"@type":"ImageObject","inLanguage":"fr-FR","@id":"https:\/\/www.todanelo.com\/fr\/#\/schema\/logo\/image\/","url":"https:\/\/www.todanelo.com\/wp-content\/uploads\/logo-todanelo.png","contentUrl":"https:\/\/www.todanelo.com\/wp-content\/uploads\/logo-todanelo.png","width":390,"height":161,"caption":"Toda &amp; Nel-lo Abogados"},"image":{"@id":"https:\/\/www.todanelo.com\/fr\/#\/schema\/logo\/image\/"}}]}},"_links":{"self":[{"href":"https:\/\/www.todanelo.com\/fr\/wp-json\/wp\/v2\/team\/1435","targetHints":{"allow":["GET"]}}],"collection":[{"href":"https:\/\/www.todanelo.com\/fr\/wp-json\/wp\/v2\/team"}],"about":[{"href":"https:\/\/www.todanelo.com\/fr\/wp-json\/wp\/v2\/types\/team"}],"version-history":[{"count":1,"href":"https:\/\/www.todanelo.com\/fr\/wp-json\/wp\/v2\/team\/1435\/revisions"}],"predecessor-version":[{"id":4706,"href":"https:\/\/www.todanelo.com\/fr\/wp-json\/wp\/v2\/team\/1435\/revisions\/4706"}],"wp:featuredmedia":[{"embeddable":true,"href":"https:\/\/www.todanelo.com\/fr\/wp-json\/wp\/v2\/media\/4502"}],"wp:attachment":[{"href":"https:\/\/www.todanelo.com\/fr\/wp-json\/wp\/v2\/media?parent=1435"}],"wp:term":[{"taxonomy":"language","embeddable":true,"href":"https:\/\/www.todanelo.com\/fr\/wp-json\/wp\/v2\/language?post=1435"},{"taxonomy":"jerarquia","embeddable":true,"href":"https:\/\/www.todanelo.com\/fr\/wp-json\/wp\/v2\/jerarquia?post=1435"},{"taxonomy":"expertise","embeddable":true,"href":"https:\/\/www.todanelo.com\/fr\/wp-json\/wp\/v2\/expertise?post=1435"},{"taxonomy":"sector","embeddable":true,"href":"https:\/\/www.todanelo.com\/fr\/wp-json\/wp\/v2\/sector?post=1435"}],"curies":[{"name":"wp","href":"https:\/\/api.w.org\/{rel}","templated":true}]}}

Pau Nel-lo Padró

<ul>
<li>Directeur Associé du département de Droit commercial et des affaires du cabinet.</li>
<li>Spécialiste en matière de Droit des Sociétés et en droit des Contrats commerciaux.</li>
<li>Maîtrise en Droit de l’Institut National de Droit et de l’Economie (FERT-INEDE) et diplômé en 1992 de l’Université UNED.</li>
<li>Maître de conférences en Droit sociétaire dans le cadre de la formation du Master en Droit International des Affaires à la faculté de Droit de ESADE (Ecole Supérieure d’Administration et Direction d’Entreprises).</li>
<li>Avocat inscrit au Barreau de Barcelone depuis 1994.</li>
</ul>

<p>Directeur Associé du département de Droit commercial et des affaires du cabinet. Spécialiste en matière de Droit des Sociétés et en droit des Contrats commerciaux. Maîtrise en Droit de l’Institut &hellip;</p>

<!-- This site is optimized with the Yoast SEO plugin v27.4 - https://yoast.com/product/yoast-seo-wordpress/ -->
<title>Pau Nel-lo Padró - Toda &amp; Nel-lo Abogados</title>
<meta name="description" content="Directeur Associé du département de Droit commercial et des affaires du cabinet. Spécialiste en matière de Droit des Sociétés et en droit des Contrats" />
<meta name="robots" content="index, follow, max-snippet:-1, max-image-preview:large, max-video-preview:-1" />
<link rel="canonical" href="https://www.todanelo.com/fr/equipo-profesional/pau-nel-lo-padro/" />
<meta property="og:locale" content="fr_FR" />
<meta property="og:type" content="article" />
<meta property="og:title" content="Pau Nel-lo Padró - Toda &amp; Nel-lo Abogados" />
<meta property="og:description" content="Directeur Associé du département de Droit commercial et des affaires du cabinet. Spécialiste en matière de Droit des Sociétés et en droit des Contrats" />
<meta property="og:url" content="https://www.todanelo.com/fr/equipo-profesional/pau-nel-lo-padro/" />
<meta property="og:site_name" content="Toda &amp; Nel-lo Abogados" />
<meta property="article:modified_time" content="2026-04-14T06:25:58+00:00" />
<meta property="og:image" content="https://www.todanelo.com/wp-content/uploads/BCF038956-bn.jpg" />
	<meta property="og:image:width" content="1296" />
	<meta property="og:image:height" content="972" />
	<meta property="og:image:type" content="image/jpeg" />
<meta name="twitter:card" content="summary_large_image" />
<meta name="twitter:label1" content="Durée de lecture estimée" />
	<meta name="twitter:data1" content="1 minute" />
<script type="application/ld+json" class="yoast-schema-graph">{"@context":"https:\/\/schema.org","@graph":[{"@type":"WebPage","@id":"https:\/\/www.todanelo.com\/fr\/equipo-profesional\/pau-nel-lo-padro\/","url":"https:\/\/www.todanelo.com\/fr\/equipo-profesional\/pau-nel-lo-padro\/","name":"Pau Nel-lo Padró - Toda &amp; Nel-lo Abogados","isPartOf":{"@id":"https:\/\/www.todanelo.com\/fr\/#website"},"primaryImageOfPage":{"@id":"https:\/\/www.todanelo.com\/fr\/equipo-profesional\/pau-nel-lo-padro\/#primaryimage"},"image":{"@id":"https:\/\/www.todanelo.com\/fr\/equipo-profesional\/pau-nel-lo-padro\/#primaryimage"},"thumbnailUrl":"https:\/\/www.todanelo.com\/wp-content\/uploads\/BCF038956-bn.jpg","datePublished":"2024-12-18T09:00:16+00:00","dateModified":"2026-04-14T06:25:58+00:00","description":"Directeur Associé du département de Droit commercial et des affaires du cabinet. Spécialiste en matière de Droit des Sociétés et en droit des Contrats","breadcrumb":{"@id":"https:\/\/www.todanelo.com\/fr\/equipo-profesional\/pau-nel-lo-padro\/#breadcrumb"},"inLanguage":"fr-FR","potentialAction":[{"@type":"ReadAction","target":["https:\/\/www.todanelo.com\/fr\/equipo-profesional\/pau-nel-lo-padro\/"]}]},{"@type":"ImageObject","inLanguage":"fr-FR","@id":"https:\/\/www.todanelo.com\/fr\/equipo-profesional\/pau-nel-lo-padro\/#primaryimage","url":"https:\/\/www.todanelo.com\/wp-content\/uploads\/BCF038956-bn.jpg","contentUrl":"https:\/\/www.todanelo.com\/wp-content\/uploads\/BCF038956-bn.jpg","width":1296,"height":972},{"@type":"BreadcrumbList","@id":"https:\/\/www.todanelo.com\/fr\/equipo-profesional\/pau-nel-lo-padro\/#breadcrumb","itemListElement":[{"@type":"ListItem","position":1,"name":"Inicio","item":"https:\/\/www.todanelo.com\/fr\/"},{"@type":"ListItem","position":2,"name":"Pau Nel-lo Padró"}]},{"@type":"WebSite","@id":"https:\/\/www.todanelo.com\/fr\/#website","url":"https:\/\/www.todanelo.com\/fr\/","name":"Toda &amp; Nel-lo Abogados","description":"Bureaux juridiques à Barcelone et à Madrid","publisher":{"@id":"https:\/\/www.todanelo.com\/fr\/#organization"},"potentialAction":[{"@type":"SearchAction","target":{"@type":"EntryPoint","urlTemplate":"https:\/\/www.todanelo.com\/fr\/?s={search_term_string}"},"query-input":{"@type":"PropertyValueSpecification","valueRequired":true,"valueName":"search_term_string"}}],"inLanguage":"fr-FR"},{"@type":"Organization","@id":"https:\/\/www.todanelo.com\/fr\/#organization","name":"Toda &amp; Nel-lo Abogados","url":"https:\/\/www.todanelo.com\/fr\/","logo":{"@type":"ImageObject","inLanguage":"fr-FR","@id":"https:\/\/www.todanelo.com\/fr\/#\/schema\/logo\/image\/","url":"https:\/\/www.todanelo.com\/wp-content\/uploads\/logo-todanelo.png","contentUrl":"https:\/\/www.todanelo.com\/wp-content\/uploads\/logo-todanelo.png","width":390,"height":161,"caption":"Toda &amp; Nel-lo Abogados"},"image":{"@id":"https:\/\/www.todanelo.com\/fr\/#\/schema\/logo\/image\/"}}]}</script>
<!-- / Yoast SEO plugin. -->

Pau Nel-lo Padró - Toda &amp; Nel-lo Abogados

Directeur Associé du département de Droit commercial et des affaires du cabinet. Spécialiste en matière de Droit des Sociétés et en droit des Contrats

Bureaux juridiques à Barcelone et à Madrid
