{"id":799,"date":"2024-12-18T09:00:12","date_gmt":"2024-12-18T09:00:12","guid":{"rendered":"https:\/\/beta.todanelo.com\/team\/ignacio-toda-jimenez\/"},"modified":"2026-02-25T07:43:03","modified_gmt":"2026-02-25T07:43:03","slug":"ignacio-toda-jimenez","status":"publish","type":"team","link":"https:\/\/www.todanelo.com\/es\/equipo-profesional\/ignacio-toda-jimenez\/","title":{"rendered":"Ignacio Toda Jim\u00e9nez"},"content":{"rendered":"<ul>\n<li>Codirector de las \u00e1reas de Derecho P\u00fablico y Privado, con amplia experiencia en Derecho Administrativo, Mercantil, Inmobiliario y Procesal.<\/li>\n<li>Abogado del Estado en excedencia.<\/li>\n<li>Secretario General de Fira Internacional de Barcelona.<\/li>\n<li>Secretario General del Consorcio Turismo de Barcelona.<\/li>\n<li>Secretario del Consejo de Administraci\u00f3n del Puerto de Barcelona.<\/li>\n<li>Secretario General de la Associaci\u00f3 Pla Estrat\u00e8gic Metropolit\u00e0 de Barcelona.<\/li>\n<li>Secretario del comit\u00e9 ejecutivo de la Fundaci\u00f3n Barcelona Capital n\u00e1utica, AC 24.<\/li>\n<li>Secretario del Comit\u00e9 Ejecutivo de la Fundaci\u00f3n Mobile World Capital Barcelona desde 2013 a 2019.<\/li>\n<li>Ha intervenido como \u00e1rbitro en numerosos arbitrajes, particulares e institucionales, y referidos a Derecho P\u00fablico y Derecho Privado.<\/li>\n<li>Licenciado en Derecho en 1982.<\/li>\n<li>Ingresa por oposici\u00f3n en el Cuerpo de Abogados del Estado en 1986.<\/li>\n<li>Abogado del Estado-Jefe en Huesca y en comisi\u00f3n de servicios en Zaragoza (1986-89).<\/li>\n<li>Abogado del Estado en Barcelona (1989-91).<\/li>\n<li>Abogado del Estado-Jefe en comisi\u00f3n de servicios de Girona (1991).<\/li>\n<li>Letrado Asesor del Departament d\u2019Economia i Finances i del Departament de Pol\u00edtica Territorial i Obres P\u00fabliques de la Generalitat de Catalunya (1991-92).<\/li>\n<\/ul>\n","protected":false},"excerpt":{"rendered":"<p>Codirector de las \u00e1reas de Derecho P\u00fablico y Privado, con amplia experiencia en Derecho Administrativo, Mercantil, Inmobiliario y Procesal. Abogado del Estado en excedencia. Secretario General de Fira Internacional de &hellip;<\/p>\n","protected":false},"featured_media":4424,"template":"","meta":{"_acf_changed":false,"footnotes":""},"language":[87,88,89],"jerarquia":[116],"expertise":[79,34,77,76,29,78,32],"sector":[],"class_list":["post-799","team","type-team","status-publish","has-post-thumbnail","hentry","language-espanol","language-catala","language-english","jerarquia-socio-fundador","expertise-contencioso-administrativo","expertise-litigacion","expertise-derecho-administrativo","expertise-puertos","expertise-mercantil-y-ma","expertise-urbanismo","expertise-publico"],"acf":[],"yoast_head":"<!-- This site is optimized with the Yoast SEO plugin v27.4 - https:\/\/yoast.com\/product\/yoast-seo-wordpress\/ -->\n<title>Ignacio Toda Jim\u00e9nez - Toda &amp; Nel-lo Abogados<\/title>\n<meta name=\"description\" content=\"Codirector de las \u00e1reas de Derecho P\u00fablico y Privado, con amplia experiencia en Derecho Administrativo, Mercantil, Inmobiliario y Procesal. Abogado del\" \/>\n<meta name=\"robots\" content=\"index, follow, max-snippet:-1, max-image-preview:large, max-video-preview:-1\" \/>\n<link rel=\"canonical\" href=\"https:\/\/www.todanelo.com\/es\/equipo-profesional\/ignacio-toda-jimenez\/\" \/>\n<meta property=\"og:locale\" content=\"es_ES\" \/>\n<meta property=\"og:type\" content=\"article\" \/>\n<meta property=\"og:title\" content=\"Ignacio Toda Jim\u00e9nez - Toda &amp; Nel-lo Abogados\" \/>\n<meta property=\"og:description\" content=\"Codirector de las \u00e1reas de Derecho P\u00fablico y Privado, con amplia experiencia en Derecho Administrativo, Mercantil, Inmobiliario y Procesal. Abogado del\" \/>\n<meta property=\"og:url\" content=\"https:\/\/www.todanelo.com\/es\/equipo-profesional\/ignacio-toda-jimenez\/\" \/>\n<meta property=\"og:site_name\" content=\"Toda &amp; Nel-lo Abogados\" \/>\n<meta property=\"article:modified_time\" content=\"2026-02-25T07:43:03+00:00\" \/>\n<meta property=\"og:image\" content=\"https:\/\/www.todanelo.com\/wp-content\/uploads\/BCF038898-bn.jpg\" \/>\n\t<meta property=\"og:image:width\" content=\"1296\" \/>\n\t<meta property=\"og:image:height\" content=\"972\" \/>\n\t<meta property=\"og:image:type\" content=\"image\/jpeg\" \/>\n<meta name=\"twitter:card\" content=\"summary_large_image\" \/>\n<meta name=\"twitter:label1\" content=\"Tiempo de lectura\" \/>\n\t<meta name=\"twitter:data1\" content=\"1 minuto\" \/>\n<script type=\"application\/ld+json\" class=\"yoast-schema-graph\">{\"@context\":\"https:\\\/\\\/schema.org\",\"@graph\":[{\"@type\":\"WebPage\",\"@id\":\"https:\\\/\\\/www.todanelo.com\\\/es\\\/equipo-profesional\\\/ignacio-toda-jimenez\\\/\",\"url\":\"https:\\\/\\\/www.todanelo.com\\\/es\\\/equipo-profesional\\\/ignacio-toda-jimenez\\\/\",\"name\":\"Ignacio Toda Jim\u00e9nez - Toda &amp; Nel-lo Abogados\",\"isPartOf\":{\"@id\":\"https:\\\/\\\/www.todanelo.com\\\/es\\\/#website\"},\"primaryImageOfPage\":{\"@id\":\"https:\\\/\\\/www.todanelo.com\\\/es\\\/equipo-profesional\\\/ignacio-toda-jimenez\\\/#primaryimage\"},\"image\":{\"@id\":\"https:\\\/\\\/www.todanelo.com\\\/es\\\/equipo-profesional\\\/ignacio-toda-jimenez\\\/#primaryimage\"},\"thumbnailUrl\":\"https:\\\/\\\/www.todanelo.com\\\/wp-content\\\/uploads\\\/BCF038898-bn.jpg\",\"datePublished\":\"2024-12-18T09:00:12+00:00\",\"dateModified\":\"2026-02-25T07:43:03+00:00\",\"description\":\"Codirector de las \u00e1reas de Derecho P\u00fablico y Privado, con amplia experiencia en Derecho Administrativo, Mercantil, Inmobiliario y Procesal. Abogado del\",\"breadcrumb\":{\"@id\":\"https:\\\/\\\/www.todanelo.com\\\/es\\\/equipo-profesional\\\/ignacio-toda-jimenez\\\/#breadcrumb\"},\"inLanguage\":\"es\",\"potentialAction\":[{\"@type\":\"ReadAction\",\"target\":[\"https:\\\/\\\/www.todanelo.com\\\/es\\\/equipo-profesional\\\/ignacio-toda-jimenez\\\/\"]}]},{\"@type\":\"ImageObject\",\"inLanguage\":\"es\",\"@id\":\"https:\\\/\\\/www.todanelo.com\\\/es\\\/equipo-profesional\\\/ignacio-toda-jimenez\\\/#primaryimage\",\"url\":\"https:\\\/\\\/www.todanelo.com\\\/wp-content\\\/uploads\\\/BCF038898-bn.jpg\",\"contentUrl\":\"https:\\\/\\\/www.todanelo.com\\\/wp-content\\\/uploads\\\/BCF038898-bn.jpg\",\"width\":1296,\"height\":972},{\"@type\":\"BreadcrumbList\",\"@id\":\"https:\\\/\\\/www.todanelo.com\\\/es\\\/equipo-profesional\\\/ignacio-toda-jimenez\\\/#breadcrumb\",\"itemListElement\":[{\"@type\":\"ListItem\",\"position\":1,\"name\":\"Inicio\",\"item\":\"https:\\\/\\\/www.todanelo.com\\\/es\\\/\"},{\"@type\":\"ListItem\",\"position\":2,\"name\":\"Ignacio Toda Jim\u00e9nez\"}]},{\"@type\":\"WebSite\",\"@id\":\"https:\\\/\\\/www.todanelo.com\\\/es\\\/#website\",\"url\":\"https:\\\/\\\/www.todanelo.com\\\/es\\\/\",\"name\":\"Toda &amp; Nel-lo Abogados\",\"description\":\"Despacho Jur\u00eddico Barcelona y Madrid\",\"publisher\":{\"@id\":\"https:\\\/\\\/www.todanelo.com\\\/es\\\/#organization\"},\"potentialAction\":[{\"@type\":\"SearchAction\",\"target\":{\"@type\":\"EntryPoint\",\"urlTemplate\":\"https:\\\/\\\/www.todanelo.com\\\/es\\\/?s={search_term_string}\"},\"query-input\":{\"@type\":\"PropertyValueSpecification\",\"valueRequired\":true,\"valueName\":\"search_term_string\"}}],\"inLanguage\":\"es\"},{\"@type\":\"Organization\",\"@id\":\"https:\\\/\\\/www.todanelo.com\\\/es\\\/#organization\",\"name\":\"Toda &amp; Nel-lo Abogados\",\"url\":\"https:\\\/\\\/www.todanelo.com\\\/es\\\/\",\"logo\":{\"@type\":\"ImageObject\",\"inLanguage\":\"es\",\"@id\":\"https:\\\/\\\/www.todanelo.com\\\/es\\\/#\\\/schema\\\/logo\\\/image\\\/\",\"url\":\"https:\\\/\\\/www.todanelo.com\\\/wp-content\\\/uploads\\\/logo-todanelo.png\",\"contentUrl\":\"https:\\\/\\\/www.todanelo.com\\\/wp-content\\\/uploads\\\/logo-todanelo.png\",\"width\":390,\"height\":161,\"caption\":\"Toda &amp; Nel-lo Abogados\"},\"image\":{\"@id\":\"https:\\\/\\\/www.todanelo.com\\\/es\\\/#\\\/schema\\\/logo\\\/image\\\/\"}}]}<\/script>\n<!-- \/ Yoast SEO plugin. -->","yoast_head_json":{"title":"Ignacio Toda Jim\u00e9nez - Toda &amp; Nel-lo Abogados","description":"Codirector de las \u00e1reas de Derecho P\u00fablico y Privado, con amplia experiencia en Derecho Administrativo, Mercantil, Inmobiliario y Procesal. Abogado del","robots":{"index":"index","follow":"follow","max-snippet":"max-snippet:-1","max-image-preview":"max-image-preview:large","max-video-preview":"max-video-preview:-1"},"canonical":"https:\/\/www.todanelo.com\/es\/equipo-profesional\/ignacio-toda-jimenez\/","og_locale":"es_ES","og_type":"article","og_title":"Ignacio Toda Jim\u00e9nez - Toda &amp; Nel-lo Abogados","og_description":"Codirector de las \u00e1reas de Derecho P\u00fablico y Privado, con amplia experiencia en Derecho Administrativo, Mercantil, Inmobiliario y Procesal. Abogado del","og_url":"https:\/\/www.todanelo.com\/es\/equipo-profesional\/ignacio-toda-jimenez\/","og_site_name":"Toda &amp; Nel-lo Abogados","article_modified_time":"2026-02-25T07:43:03+00:00","og_image":[{"width":1296,"height":972,"url":"https:\/\/www.todanelo.com\/wp-content\/uploads\/BCF038898-bn.jpg","type":"image\/jpeg"}],"twitter_card":"summary_large_image","twitter_misc":{"Tiempo de lectura":"1 minuto"},"schema":{"@context":"https:\/\/schema.org","@graph":[{"@type":"WebPage","@id":"https:\/\/www.todanelo.com\/es\/equipo-profesional\/ignacio-toda-jimenez\/","url":"https:\/\/www.todanelo.com\/es\/equipo-profesional\/ignacio-toda-jimenez\/","name":"Ignacio Toda Jim\u00e9nez - Toda &amp; Nel-lo Abogados","isPartOf":{"@id":"https:\/\/www.todanelo.com\/es\/#website"},"primaryImageOfPage":{"@id":"https:\/\/www.todanelo.com\/es\/equipo-profesional\/ignacio-toda-jimenez\/#primaryimage"},"image":{"@id":"https:\/\/www.todanelo.com\/es\/equipo-profesional\/ignacio-toda-jimenez\/#primaryimage"},"thumbnailUrl":"https:\/\/www.todanelo.com\/wp-content\/uploads\/BCF038898-bn.jpg","datePublished":"2024-12-18T09:00:12+00:00","dateModified":"2026-02-25T07:43:03+00:00","description":"Codirector de las \u00e1reas de Derecho P\u00fablico y Privado, con amplia experiencia en Derecho Administrativo, Mercantil, Inmobiliario y Procesal. Abogado del","breadcrumb":{"@id":"https:\/\/www.todanelo.com\/es\/equipo-profesional\/ignacio-toda-jimenez\/#breadcrumb"},"inLanguage":"es","potentialAction":[{"@type":"ReadAction","target":["https:\/\/www.todanelo.com\/es\/equipo-profesional\/ignacio-toda-jimenez\/"]}]},{"@type":"ImageObject","inLanguage":"es","@id":"https:\/\/www.todanelo.com\/es\/equipo-profesional\/ignacio-toda-jimenez\/#primaryimage","url":"https:\/\/www.todanelo.com\/wp-content\/uploads\/BCF038898-bn.jpg","contentUrl":"https:\/\/www.todanelo.com\/wp-content\/uploads\/BCF038898-bn.jpg","width":1296,"height":972},{"@type":"BreadcrumbList","@id":"https:\/\/www.todanelo.com\/es\/equipo-profesional\/ignacio-toda-jimenez\/#breadcrumb","itemListElement":[{"@type":"ListItem","position":1,"name":"Inicio","item":"https:\/\/www.todanelo.com\/es\/"},{"@type":"ListItem","position":2,"name":"Ignacio Toda Jim\u00e9nez"}]},{"@type":"WebSite","@id":"https:\/\/www.todanelo.com\/es\/#website","url":"https:\/\/www.todanelo.com\/es\/","name":"Toda &amp; Nel-lo Abogados","description":"Despacho Jur\u00eddico Barcelona y Madrid","publisher":{"@id":"https:\/\/www.todanelo.com\/es\/#organization"},"potentialAction":[{"@type":"SearchAction","target":{"@type":"EntryPoint","urlTemplate":"https:\/\/www.todanelo.com\/es\/?s={search_term_string}"},"query-input":{"@type":"PropertyValueSpecification","valueRequired":true,"valueName":"search_term_string"}}],"inLanguage":"es"},{"@type":"Organization","@id":"https:\/\/www.todanelo.com\/es\/#organization","name":"Toda &amp; Nel-lo Abogados","url":"https:\/\/www.todanelo.com\/es\/","logo":{"@type":"ImageObject","inLanguage":"es","@id":"https:\/\/www.todanelo.com\/es\/#\/schema\/logo\/image\/","url":"https:\/\/www.todanelo.com\/wp-content\/uploads\/logo-todanelo.png","contentUrl":"https:\/\/www.todanelo.com\/wp-content\/uploads\/logo-todanelo.png","width":390,"height":161,"caption":"Toda &amp; Nel-lo Abogados"},"image":{"@id":"https:\/\/www.todanelo.com\/es\/#\/schema\/logo\/image\/"}}]}},"_links":{"self":[{"href":"https:\/\/www.todanelo.com\/es\/wp-json\/wp\/v2\/team\/799","targetHints":{"allow":["GET"]}}],"collection":[{"href":"https:\/\/www.todanelo.com\/es\/wp-json\/wp\/v2\/team"}],"about":[{"href":"https:\/\/www.todanelo.com\/es\/wp-json\/wp\/v2\/types\/team"}],"version-history":[{"count":6,"href":"https:\/\/www.todanelo.com\/es\/wp-json\/wp\/v2\/team\/799\/revisions"}],"predecessor-version":[{"id":5756,"href":"https:\/\/www.todanelo.com\/es\/wp-json\/wp\/v2\/team\/799\/revisions\/5756"}],"wp:featuredmedia":[{"embeddable":true,"href":"https:\/\/www.todanelo.com\/es\/wp-json\/wp\/v2\/media\/4424"}],"wp:attachment":[{"href":"https:\/\/www.todanelo.com\/es\/wp-json\/wp\/v2\/media?parent=799"}],"wp:term":[{"taxonomy":"language","embeddable":true,"href":"https:\/\/www.todanelo.com\/es\/wp-json\/wp\/v2\/language?post=799"},{"taxonomy":"jerarquia","embeddable":true,"href":"https:\/\/www.todanelo.com\/es\/wp-json\/wp\/v2\/jerarquia?post=799"},{"taxonomy":"expertise","embeddable":true,"href":"https:\/\/www.todanelo.com\/es\/wp-json\/wp\/v2\/expertise?post=799"},{"taxonomy":"sector","embeddable":true,"href":"https:\/\/www.todanelo.com\/es\/wp-json\/wp\/v2\/sector?post=799"}],"curies":[{"name":"wp","href":"https:\/\/api.w.org\/{rel}","templated":true}]}}

Ignacio Toda Jiménez

<ul>
<li>Codirector de las áreas de Derecho Público y Privado, con amplia experiencia en Derecho Administrativo, Mercantil, Inmobiliario y Procesal.</li>
<li>Abogado del Estado en excedencia.</li>
<li>Secretario General de Fira Internacional de Barcelona.</li>
<li>Secretario General del Consorcio Turismo de Barcelona.</li>
<li>Secretario del Consejo de Administración del Puerto de Barcelona.</li>
<li>Secretario General de la Associació Pla Estratègic Metropolità de Barcelona.</li>
<li>Secretario del comité ejecutivo de la Fundación Barcelona Capital náutica, AC 24.</li>
<li>Secretario del Comité Ejecutivo de la Fundación Mobile World Capital Barcelona desde 2013 a 2019.</li>
<li>Ha intervenido como árbitro en numerosos arbitrajes, particulares e institucionales, y referidos a Derecho Público y Derecho Privado.</li>
<li>Licenciado en Derecho en 1982.</li>
<li>Ingresa por oposición en el Cuerpo de Abogados del Estado en 1986.</li>
<li>Abogado del Estado-Jefe en Huesca y en comisión de servicios en Zaragoza (1986-89).</li>
<li>Abogado del Estado en Barcelona (1989-91).</li>
<li>Abogado del Estado-Jefe en comisión de servicios de Girona (1991).</li>
<li>Letrado Asesor del Departament d’Economia i Finances i del Departament de Política Territorial i Obres Públiques de la Generalitat de Catalunya (1991-92).</li>
</ul>

<p>Codirector de las áreas de Derecho Público y Privado, con amplia experiencia en Derecho Administrativo, Mercantil, Inmobiliario y Procesal. Abogado del Estado en excedencia. Secretario General de Fira Internacional de &hellip;</p>

<!-- This site is optimized with the Yoast SEO plugin v27.4 - https://yoast.com/product/yoast-seo-wordpress/ -->
<title>Ignacio Toda Jiménez - Toda &amp; Nel-lo Abogados</title>
<meta name="description" content="Codirector de las áreas de Derecho Público y Privado, con amplia experiencia en Derecho Administrativo, Mercantil, Inmobiliario y Procesal. Abogado del" />
<meta name="robots" content="index, follow, max-snippet:-1, max-image-preview:large, max-video-preview:-1" />
<link rel="canonical" href="https://www.todanelo.com/es/equipo-profesional/ignacio-toda-jimenez/" />
<meta property="og:locale" content="es_ES" />
<meta property="og:type" content="article" />
<meta property="og:title" content="Ignacio Toda Jiménez - Toda &amp; Nel-lo Abogados" />
<meta property="og:description" content="Codirector de las áreas de Derecho Público y Privado, con amplia experiencia en Derecho Administrativo, Mercantil, Inmobiliario y Procesal. Abogado del" />
<meta property="og:url" content="https://www.todanelo.com/es/equipo-profesional/ignacio-toda-jimenez/" />
<meta property="og:site_name" content="Toda &amp; Nel-lo Abogados" />
<meta property="article:modified_time" content="2026-02-25T07:43:03+00:00" />
<meta property="og:image" content="https://www.todanelo.com/wp-content/uploads/BCF038898-bn.jpg" />
	<meta property="og:image:width" content="1296" />
	<meta property="og:image:height" content="972" />
	<meta property="og:image:type" content="image/jpeg" />
<meta name="twitter:card" content="summary_large_image" />
<meta name="twitter:label1" content="Tiempo de lectura" />
	<meta name="twitter:data1" content="1 minuto" />
<script type="application/ld+json" class="yoast-schema-graph">{"@context":"https:\/\/schema.org","@graph":[{"@type":"WebPage","@id":"https:\/\/www.todanelo.com\/es\/equipo-profesional\/ignacio-toda-jimenez\/","url":"https:\/\/www.todanelo.com\/es\/equipo-profesional\/ignacio-toda-jimenez\/","name":"Ignacio Toda Jiménez - Toda &amp; Nel-lo Abogados","isPartOf":{"@id":"https:\/\/www.todanelo.com\/es\/#website"},"primaryImageOfPage":{"@id":"https:\/\/www.todanelo.com\/es\/equipo-profesional\/ignacio-toda-jimenez\/#primaryimage"},"image":{"@id":"https:\/\/www.todanelo.com\/es\/equipo-profesional\/ignacio-toda-jimenez\/#primaryimage"},"thumbnailUrl":"https:\/\/www.todanelo.com\/wp-content\/uploads\/BCF038898-bn.jpg","datePublished":"2024-12-18T09:00:12+00:00","dateModified":"2026-02-25T07:43:03+00:00","description":"Codirector de las áreas de Derecho Público y Privado, con amplia experiencia en Derecho Administrativo, Mercantil, Inmobiliario y Procesal. Abogado del","breadcrumb":{"@id":"https:\/\/www.todanelo.com\/es\/equipo-profesional\/ignacio-toda-jimenez\/#breadcrumb"},"inLanguage":"es","potentialAction":[{"@type":"ReadAction","target":["https:\/\/www.todanelo.com\/es\/equipo-profesional\/ignacio-toda-jimenez\/"]}]},{"@type":"ImageObject","inLanguage":"es","@id":"https:\/\/www.todanelo.com\/es\/equipo-profesional\/ignacio-toda-jimenez\/#primaryimage","url":"https:\/\/www.todanelo.com\/wp-content\/uploads\/BCF038898-bn.jpg","contentUrl":"https:\/\/www.todanelo.com\/wp-content\/uploads\/BCF038898-bn.jpg","width":1296,"height":972},{"@type":"BreadcrumbList","@id":"https:\/\/www.todanelo.com\/es\/equipo-profesional\/ignacio-toda-jimenez\/#breadcrumb","itemListElement":[{"@type":"ListItem","position":1,"name":"Inicio","item":"https:\/\/www.todanelo.com\/es\/"},{"@type":"ListItem","position":2,"name":"Ignacio Toda Jiménez"}]},{"@type":"WebSite","@id":"https:\/\/www.todanelo.com\/es\/#website","url":"https:\/\/www.todanelo.com\/es\/","name":"Toda &amp; Nel-lo Abogados","description":"Despacho Jurídico Barcelona y Madrid","publisher":{"@id":"https:\/\/www.todanelo.com\/es\/#organization"},"potentialAction":[{"@type":"SearchAction","target":{"@type":"EntryPoint","urlTemplate":"https:\/\/www.todanelo.com\/es\/?s={search_term_string}"},"query-input":{"@type":"PropertyValueSpecification","valueRequired":true,"valueName":"search_term_string"}}],"inLanguage":"es"},{"@type":"Organization","@id":"https:\/\/www.todanelo.com\/es\/#organization","name":"Toda &amp; Nel-lo Abogados","url":"https:\/\/www.todanelo.com\/es\/","logo":{"@type":"ImageObject","inLanguage":"es","@id":"https:\/\/www.todanelo.com\/es\/#\/schema\/logo\/image\/","url":"https:\/\/www.todanelo.com\/wp-content\/uploads\/logo-todanelo.png","contentUrl":"https:\/\/www.todanelo.com\/wp-content\/uploads\/logo-todanelo.png","width":390,"height":161,"caption":"Toda &amp; Nel-lo Abogados"},"image":{"@id":"https:\/\/www.todanelo.com\/es\/#\/schema\/logo\/image\/"}}]}</script>
<!-- / Yoast SEO plugin. -->

Ignacio Toda Jiménez - Toda &amp; Nel-lo Abogados

Codirector de las áreas de Derecho Público y Privado, con amplia experiencia en Derecho Administrativo, Mercantil, Inmobiliario y Procesal. Abogado del

Despacho Jurídico Barcelona y Madrid
