{"id":1898,"date":"2024-12-18T09:00:16","date_gmt":"2024-12-18T09:00:16","guid":{"rendered":"https:\/\/beta.todanelo.com\/team\/miguel-lacasa-marcellan\/"},"modified":"2026-04-14T06:26:33","modified_gmt":"2026-04-14T06:26:33","slug":"miguel-lacasa-marcellan","status":"publish","type":"team","link":"https:\/\/www.todanelo.com\/ca\/equipo-profesional\/miguel-lacasa-marcellan\/","title":{"rendered":"Miguel Lacasa Marcell\u00e1n"},"content":{"rendered":"<ul>\n<li>Abogado del \u00e1rea de Derecho P\u00fablico, especializado en Derecho Administrativo y Contencioso-Administrativo.<\/li>\n<li>Licenciado en Derecho por la Universidad de Navarra.<\/li>\n<li>Diploma en International Business Law por la Universidad de Navarra.<\/li>\n<li>Curso de Derecho Urban\u00edstico por el ICAB.<\/li>\n<li>Curso de Derecho Farmac\u00e9utico por el ICAB.<\/li>\n<li>Colegiado en el ICAB desde 2011.<\/li>\n<\/ul>\n\n<p><\/p>\n","protected":false},"excerpt":{"rendered":"<p>Abogado del \u00e1rea de Derecho P\u00fablico, especializado en Derecho Administrativo y Contencioso-Administrativo. Licenciado en Derecho por la Universidad de Navarra. Diploma en International Business Law por la Universidad de Navarra. &hellip;<\/p>\n","protected":false},"featured_media":1308,"template":"","meta":{"_acf_changed":false,"footnotes":""},"language":[100,94,97],"jerarquia":[198],"expertise":[471,474,477,483,468],"sector":[],"class_list":["post-1898","team","type-team","status-publish","has-post-thumbnail","hentry","language-english-ca","language-espanol-ca","language-catala-ca","jerarquia-advocat","expertise-contencios-administratiu","expertise-contractacio-publica-i-concursos-administratius","expertise-dret-administratiu","expertise-urbanisme","expertise-public"],"acf":[],"yoast_head":"<!-- This site is optimized with the Yoast SEO plugin v27.4 - https:\/\/yoast.com\/product\/yoast-seo-wordpress\/ -->\n<title>Miguel Lacasa Marcell\u00e1n - Toda &amp; Nel-lo Abogados<\/title>\n<meta name=\"description\" content=\"Abogado del \u00e1rea de Derecho P\u00fablico, especializado en Derecho Administrativo y Contencioso-Administrativo. Licenciado en Derecho por la Universidad de\" \/>\n<meta name=\"robots\" content=\"index, follow, max-snippet:-1, max-image-preview:large, max-video-preview:-1\" \/>\n<link rel=\"canonical\" href=\"https:\/\/www.todanelo.com\/ca\/equipo-profesional\/miguel-lacasa-marcellan\/\" \/>\n<meta property=\"og:locale\" content=\"ca_ES\" \/>\n<meta property=\"og:type\" content=\"article\" \/>\n<meta property=\"og:title\" content=\"Miguel Lacasa Marcell\u00e1n - Toda &amp; Nel-lo Abogados\" \/>\n<meta property=\"og:description\" content=\"Abogado del \u00e1rea de Derecho P\u00fablico, especializado en Derecho Administrativo y Contencioso-Administrativo. Licenciado en Derecho por la Universidad de\" \/>\n<meta property=\"og:url\" content=\"https:\/\/www.todanelo.com\/ca\/equipo-profesional\/miguel-lacasa-marcellan\/\" \/>\n<meta property=\"og:site_name\" content=\"Toda &amp; Nel-lo Abogados\" \/>\n<meta property=\"article:modified_time\" content=\"2026-04-14T06:26:33+00:00\" \/>\n<meta property=\"og:image\" content=\"https:\/\/www.todanelo.com\/wp-content\/uploads\/miguel-lacasa-bn.webp\" \/>\n\t<meta property=\"og:image:width\" content=\"1203\" \/>\n\t<meta property=\"og:image:height\" content=\"791\" \/>\n\t<meta property=\"og:image:type\" content=\"image\/webp\" \/>\n<meta name=\"twitter:card\" content=\"summary_large_image\" \/>\n<meta name=\"twitter:label1\" content=\"Temps estimat de lectura\" \/>\n\t<meta name=\"twitter:data1\" content=\"1 minut\" \/>\n<script type=\"application\/ld+json\" class=\"yoast-schema-graph\">{\"@context\":\"https:\\\/\\\/schema.org\",\"@graph\":[{\"@type\":\"WebPage\",\"@id\":\"https:\\\/\\\/www.todanelo.com\\\/ca\\\/equipo-profesional\\\/miguel-lacasa-marcellan\\\/\",\"url\":\"https:\\\/\\\/www.todanelo.com\\\/ca\\\/equipo-profesional\\\/miguel-lacasa-marcellan\\\/\",\"name\":\"Miguel Lacasa Marcell\u00e1n - Toda &amp; Nel-lo Abogados\",\"isPartOf\":{\"@id\":\"https:\\\/\\\/www.todanelo.com\\\/ca\\\/#website\"},\"primaryImageOfPage\":{\"@id\":\"https:\\\/\\\/www.todanelo.com\\\/ca\\\/equipo-profesional\\\/miguel-lacasa-marcellan\\\/#primaryimage\"},\"image\":{\"@id\":\"https:\\\/\\\/www.todanelo.com\\\/ca\\\/equipo-profesional\\\/miguel-lacasa-marcellan\\\/#primaryimage\"},\"thumbnailUrl\":\"https:\\\/\\\/www.todanelo.com\\\/wp-content\\\/uploads\\\/miguel-lacasa-bn.webp\",\"datePublished\":\"2024-12-18T09:00:16+00:00\",\"dateModified\":\"2026-04-14T06:26:33+00:00\",\"description\":\"Abogado del \u00e1rea de Derecho P\u00fablico, especializado en Derecho Administrativo y Contencioso-Administrativo. Licenciado en Derecho por la Universidad de\",\"breadcrumb\":{\"@id\":\"https:\\\/\\\/www.todanelo.com\\\/ca\\\/equipo-profesional\\\/miguel-lacasa-marcellan\\\/#breadcrumb\"},\"inLanguage\":\"ca\",\"potentialAction\":[{\"@type\":\"ReadAction\",\"target\":[\"https:\\\/\\\/www.todanelo.com\\\/ca\\\/equipo-profesional\\\/miguel-lacasa-marcellan\\\/\"]}]},{\"@type\":\"ImageObject\",\"inLanguage\":\"ca\",\"@id\":\"https:\\\/\\\/www.todanelo.com\\\/ca\\\/equipo-profesional\\\/miguel-lacasa-marcellan\\\/#primaryimage\",\"url\":\"https:\\\/\\\/www.todanelo.com\\\/wp-content\\\/uploads\\\/miguel-lacasa-bn.webp\",\"contentUrl\":\"https:\\\/\\\/www.todanelo.com\\\/wp-content\\\/uploads\\\/miguel-lacasa-bn.webp\",\"width\":1203,\"height\":791},{\"@type\":\"BreadcrumbList\",\"@id\":\"https:\\\/\\\/www.todanelo.com\\\/ca\\\/equipo-profesional\\\/miguel-lacasa-marcellan\\\/#breadcrumb\",\"itemListElement\":[{\"@type\":\"ListItem\",\"position\":1,\"name\":\"Inicio\",\"item\":\"https:\\\/\\\/www.todanelo.com\\\/ca\\\/\"},{\"@type\":\"ListItem\",\"position\":2,\"name\":\"Miguel Lacasa Marcell\u00e1n\"}]},{\"@type\":\"WebSite\",\"@id\":\"https:\\\/\\\/www.todanelo.com\\\/ca\\\/#website\",\"url\":\"https:\\\/\\\/www.todanelo.com\\\/ca\\\/\",\"name\":\"Toda &amp; Nel-lo Abogados\",\"description\":\"Despatx de jur\u00eddic a Barcelona i Madrid\",\"publisher\":{\"@id\":\"https:\\\/\\\/www.todanelo.com\\\/ca\\\/#organization\"},\"potentialAction\":[{\"@type\":\"SearchAction\",\"target\":{\"@type\":\"EntryPoint\",\"urlTemplate\":\"https:\\\/\\\/www.todanelo.com\\\/ca\\\/?s={search_term_string}\"},\"query-input\":{\"@type\":\"PropertyValueSpecification\",\"valueRequired\":true,\"valueName\":\"search_term_string\"}}],\"inLanguage\":\"ca\"},{\"@type\":\"Organization\",\"@id\":\"https:\\\/\\\/www.todanelo.com\\\/ca\\\/#organization\",\"name\":\"Toda &amp; Nel-lo Abogados\",\"url\":\"https:\\\/\\\/www.todanelo.com\\\/ca\\\/\",\"logo\":{\"@type\":\"ImageObject\",\"inLanguage\":\"ca\",\"@id\":\"https:\\\/\\\/www.todanelo.com\\\/ca\\\/#\\\/schema\\\/logo\\\/image\\\/\",\"url\":\"https:\\\/\\\/www.todanelo.com\\\/wp-content\\\/uploads\\\/logo-todanelo.png\",\"contentUrl\":\"https:\\\/\\\/www.todanelo.com\\\/wp-content\\\/uploads\\\/logo-todanelo.png\",\"width\":390,\"height\":161,\"caption\":\"Toda &amp; Nel-lo Abogados\"},\"image\":{\"@id\":\"https:\\\/\\\/www.todanelo.com\\\/ca\\\/#\\\/schema\\\/logo\\\/image\\\/\"}}]}<\/script>\n<!-- \/ Yoast SEO plugin. -->","yoast_head_json":{"title":"Miguel Lacasa Marcell\u00e1n - Toda &amp; Nel-lo Abogados","description":"Abogado del \u00e1rea de Derecho P\u00fablico, especializado en Derecho Administrativo y Contencioso-Administrativo. Licenciado en Derecho por la Universidad de","robots":{"index":"index","follow":"follow","max-snippet":"max-snippet:-1","max-image-preview":"max-image-preview:large","max-video-preview":"max-video-preview:-1"},"canonical":"https:\/\/www.todanelo.com\/ca\/equipo-profesional\/miguel-lacasa-marcellan\/","og_locale":"ca_ES","og_type":"article","og_title":"Miguel Lacasa Marcell\u00e1n - Toda &amp; Nel-lo Abogados","og_description":"Abogado del \u00e1rea de Derecho P\u00fablico, especializado en Derecho Administrativo y Contencioso-Administrativo. Licenciado en Derecho por la Universidad de","og_url":"https:\/\/www.todanelo.com\/ca\/equipo-profesional\/miguel-lacasa-marcellan\/","og_site_name":"Toda &amp; Nel-lo Abogados","article_modified_time":"2026-04-14T06:26:33+00:00","og_image":[{"width":1203,"height":791,"url":"https:\/\/www.todanelo.com\/wp-content\/uploads\/miguel-lacasa-bn.webp","type":"image\/webp"}],"twitter_card":"summary_large_image","twitter_misc":{"Temps estimat de lectura":"1 minut"},"schema":{"@context":"https:\/\/schema.org","@graph":[{"@type":"WebPage","@id":"https:\/\/www.todanelo.com\/ca\/equipo-profesional\/miguel-lacasa-marcellan\/","url":"https:\/\/www.todanelo.com\/ca\/equipo-profesional\/miguel-lacasa-marcellan\/","name":"Miguel Lacasa Marcell\u00e1n - Toda &amp; Nel-lo Abogados","isPartOf":{"@id":"https:\/\/www.todanelo.com\/ca\/#website"},"primaryImageOfPage":{"@id":"https:\/\/www.todanelo.com\/ca\/equipo-profesional\/miguel-lacasa-marcellan\/#primaryimage"},"image":{"@id":"https:\/\/www.todanelo.com\/ca\/equipo-profesional\/miguel-lacasa-marcellan\/#primaryimage"},"thumbnailUrl":"https:\/\/www.todanelo.com\/wp-content\/uploads\/miguel-lacasa-bn.webp","datePublished":"2024-12-18T09:00:16+00:00","dateModified":"2026-04-14T06:26:33+00:00","description":"Abogado del \u00e1rea de Derecho P\u00fablico, especializado en Derecho Administrativo y Contencioso-Administrativo. Licenciado en Derecho por la Universidad de","breadcrumb":{"@id":"https:\/\/www.todanelo.com\/ca\/equipo-profesional\/miguel-lacasa-marcellan\/#breadcrumb"},"inLanguage":"ca","potentialAction":[{"@type":"ReadAction","target":["https:\/\/www.todanelo.com\/ca\/equipo-profesional\/miguel-lacasa-marcellan\/"]}]},{"@type":"ImageObject","inLanguage":"ca","@id":"https:\/\/www.todanelo.com\/ca\/equipo-profesional\/miguel-lacasa-marcellan\/#primaryimage","url":"https:\/\/www.todanelo.com\/wp-content\/uploads\/miguel-lacasa-bn.webp","contentUrl":"https:\/\/www.todanelo.com\/wp-content\/uploads\/miguel-lacasa-bn.webp","width":1203,"height":791},{"@type":"BreadcrumbList","@id":"https:\/\/www.todanelo.com\/ca\/equipo-profesional\/miguel-lacasa-marcellan\/#breadcrumb","itemListElement":[{"@type":"ListItem","position":1,"name":"Inicio","item":"https:\/\/www.todanelo.com\/ca\/"},{"@type":"ListItem","position":2,"name":"Miguel Lacasa Marcell\u00e1n"}]},{"@type":"WebSite","@id":"https:\/\/www.todanelo.com\/ca\/#website","url":"https:\/\/www.todanelo.com\/ca\/","name":"Toda &amp; Nel-lo Abogados","description":"Despatx de jur\u00eddic a Barcelona i Madrid","publisher":{"@id":"https:\/\/www.todanelo.com\/ca\/#organization"},"potentialAction":[{"@type":"SearchAction","target":{"@type":"EntryPoint","urlTemplate":"https:\/\/www.todanelo.com\/ca\/?s={search_term_string}"},"query-input":{"@type":"PropertyValueSpecification","valueRequired":true,"valueName":"search_term_string"}}],"inLanguage":"ca"},{"@type":"Organization","@id":"https:\/\/www.todanelo.com\/ca\/#organization","name":"Toda &amp; Nel-lo Abogados","url":"https:\/\/www.todanelo.com\/ca\/","logo":{"@type":"ImageObject","inLanguage":"ca","@id":"https:\/\/www.todanelo.com\/ca\/#\/schema\/logo\/image\/","url":"https:\/\/www.todanelo.com\/wp-content\/uploads\/logo-todanelo.png","contentUrl":"https:\/\/www.todanelo.com\/wp-content\/uploads\/logo-todanelo.png","width":390,"height":161,"caption":"Toda &amp; Nel-lo Abogados"},"image":{"@id":"https:\/\/www.todanelo.com\/ca\/#\/schema\/logo\/image\/"}}]}},"_links":{"self":[{"href":"https:\/\/www.todanelo.com\/ca\/wp-json\/wp\/v2\/team\/1898","targetHints":{"allow":["GET"]}}],"collection":[{"href":"https:\/\/www.todanelo.com\/ca\/wp-json\/wp\/v2\/team"}],"about":[{"href":"https:\/\/www.todanelo.com\/ca\/wp-json\/wp\/v2\/types\/team"}],"version-history":[{"count":2,"href":"https:\/\/www.todanelo.com\/ca\/wp-json\/wp\/v2\/team\/1898\/revisions"}],"predecessor-version":[{"id":5160,"href":"https:\/\/www.todanelo.com\/ca\/wp-json\/wp\/v2\/team\/1898\/revisions\/5160"}],"wp:featuredmedia":[{"embeddable":true,"href":"https:\/\/www.todanelo.com\/ca\/wp-json\/wp\/v2\/media\/1308"}],"wp:attachment":[{"href":"https:\/\/www.todanelo.com\/ca\/wp-json\/wp\/v2\/media?parent=1898"}],"wp:term":[{"taxonomy":"language","embeddable":true,"href":"https:\/\/www.todanelo.com\/ca\/wp-json\/wp\/v2\/language?post=1898"},{"taxonomy":"jerarquia","embeddable":true,"href":"https:\/\/www.todanelo.com\/ca\/wp-json\/wp\/v2\/jerarquia?post=1898"},{"taxonomy":"expertise","embeddable":true,"href":"https:\/\/www.todanelo.com\/ca\/wp-json\/wp\/v2\/expertise?post=1898"},{"taxonomy":"sector","embeddable":true,"href":"https:\/\/www.todanelo.com\/ca\/wp-json\/wp\/v2\/sector?post=1898"}],"curies":[{"name":"wp","href":"https:\/\/api.w.org\/{rel}","templated":true}]}}

Miguel Lacasa Marcellán

<ul>
<li>Abogado del área de Derecho Público, especializado en Derecho Administrativo y Contencioso-Administrativo.</li>
<li>Licenciado en Derecho por la Universidad de Navarra.</li>
<li>Diploma en International Business Law por la Universidad de Navarra.</li>
<li>Curso de Derecho Urbanístico por el ICAB.</li>
<li>Curso de Derecho Farmacéutico por el ICAB.</li>
<li>Colegiado en el ICAB desde 2011.</li>
</ul>

<p></p>

<p>Abogado del área de Derecho Público, especializado en Derecho Administrativo y Contencioso-Administrativo. Licenciado en Derecho por la Universidad de Navarra. Diploma en International Business Law por la Universidad de Navarra. &hellip;</p>

<!-- This site is optimized with the Yoast SEO plugin v27.4 - https://yoast.com/product/yoast-seo-wordpress/ -->
<title>Miguel Lacasa Marcellán - Toda &amp; Nel-lo Abogados</title>
<meta name="description" content="Abogado del área de Derecho Público, especializado en Derecho Administrativo y Contencioso-Administrativo. Licenciado en Derecho por la Universidad de" />
<meta name="robots" content="index, follow, max-snippet:-1, max-image-preview:large, max-video-preview:-1" />
<link rel="canonical" href="https://www.todanelo.com/ca/equipo-profesional/miguel-lacasa-marcellan/" />
<meta property="og:locale" content="ca_ES" />
<meta property="og:type" content="article" />
<meta property="og:title" content="Miguel Lacasa Marcellán - Toda &amp; Nel-lo Abogados" />
<meta property="og:description" content="Abogado del área de Derecho Público, especializado en Derecho Administrativo y Contencioso-Administrativo. Licenciado en Derecho por la Universidad de" />
<meta property="og:url" content="https://www.todanelo.com/ca/equipo-profesional/miguel-lacasa-marcellan/" />
<meta property="og:site_name" content="Toda &amp; Nel-lo Abogados" />
<meta property="article:modified_time" content="2026-04-14T06:26:33+00:00" />
<meta property="og:image" content="https://www.todanelo.com/wp-content/uploads/miguel-lacasa-bn.webp" />
	<meta property="og:image:width" content="1203" />
	<meta property="og:image:height" content="791" />
	<meta property="og:image:type" content="image/webp" />
<meta name="twitter:card" content="summary_large_image" />
<meta name="twitter:label1" content="Temps estimat de lectura" />
	<meta name="twitter:data1" content="1 minut" />
<script type="application/ld+json" class="yoast-schema-graph">{"@context":"https:\/\/schema.org","@graph":[{"@type":"WebPage","@id":"https:\/\/www.todanelo.com\/ca\/equipo-profesional\/miguel-lacasa-marcellan\/","url":"https:\/\/www.todanelo.com\/ca\/equipo-profesional\/miguel-lacasa-marcellan\/","name":"Miguel Lacasa Marcellán - Toda &amp; Nel-lo Abogados","isPartOf":{"@id":"https:\/\/www.todanelo.com\/ca\/#website"},"primaryImageOfPage":{"@id":"https:\/\/www.todanelo.com\/ca\/equipo-profesional\/miguel-lacasa-marcellan\/#primaryimage"},"image":{"@id":"https:\/\/www.todanelo.com\/ca\/equipo-profesional\/miguel-lacasa-marcellan\/#primaryimage"},"thumbnailUrl":"https:\/\/www.todanelo.com\/wp-content\/uploads\/miguel-lacasa-bn.webp","datePublished":"2024-12-18T09:00:16+00:00","dateModified":"2026-04-14T06:26:33+00:00","description":"Abogado del área de Derecho Público, especializado en Derecho Administrativo y Contencioso-Administrativo. Licenciado en Derecho por la Universidad de","breadcrumb":{"@id":"https:\/\/www.todanelo.com\/ca\/equipo-profesional\/miguel-lacasa-marcellan\/#breadcrumb"},"inLanguage":"ca","potentialAction":[{"@type":"ReadAction","target":["https:\/\/www.todanelo.com\/ca\/equipo-profesional\/miguel-lacasa-marcellan\/"]}]},{"@type":"ImageObject","inLanguage":"ca","@id":"https:\/\/www.todanelo.com\/ca\/equipo-profesional\/miguel-lacasa-marcellan\/#primaryimage","url":"https:\/\/www.todanelo.com\/wp-content\/uploads\/miguel-lacasa-bn.webp","contentUrl":"https:\/\/www.todanelo.com\/wp-content\/uploads\/miguel-lacasa-bn.webp","width":1203,"height":791},{"@type":"BreadcrumbList","@id":"https:\/\/www.todanelo.com\/ca\/equipo-profesional\/miguel-lacasa-marcellan\/#breadcrumb","itemListElement":[{"@type":"ListItem","position":1,"name":"Inicio","item":"https:\/\/www.todanelo.com\/ca\/"},{"@type":"ListItem","position":2,"name":"Miguel Lacasa Marcellán"}]},{"@type":"WebSite","@id":"https:\/\/www.todanelo.com\/ca\/#website","url":"https:\/\/www.todanelo.com\/ca\/","name":"Toda &amp; Nel-lo Abogados","description":"Despatx de jurídic a Barcelona i Madrid","publisher":{"@id":"https:\/\/www.todanelo.com\/ca\/#organization"},"potentialAction":[{"@type":"SearchAction","target":{"@type":"EntryPoint","urlTemplate":"https:\/\/www.todanelo.com\/ca\/?s={search_term_string}"},"query-input":{"@type":"PropertyValueSpecification","valueRequired":true,"valueName":"search_term_string"}}],"inLanguage":"ca"},{"@type":"Organization","@id":"https:\/\/www.todanelo.com\/ca\/#organization","name":"Toda &amp; Nel-lo Abogados","url":"https:\/\/www.todanelo.com\/ca\/","logo":{"@type":"ImageObject","inLanguage":"ca","@id":"https:\/\/www.todanelo.com\/ca\/#\/schema\/logo\/image\/","url":"https:\/\/www.todanelo.com\/wp-content\/uploads\/logo-todanelo.png","contentUrl":"https:\/\/www.todanelo.com\/wp-content\/uploads\/logo-todanelo.png","width":390,"height":161,"caption":"Toda &amp; Nel-lo Abogados"},"image":{"@id":"https:\/\/www.todanelo.com\/ca\/#\/schema\/logo\/image\/"}}]}</script>
<!-- / Yoast SEO plugin. -->

Miguel Lacasa Marcellán - Toda &amp; Nel-lo Abogados

Abogado del área de Derecho Público, especializado en Derecho Administrativo y Contencioso-Administrativo. Licenciado en Derecho por la Universidad de

Despatx de jurídic a Barcelona i Madrid
