{"id":1856,"date":"2024-12-18T09:00:12","date_gmt":"2024-12-18T09:00:12","guid":{"rendered":"https:\/\/beta.todanelo.com\/team\/inigo-elorza-marenco\/"},"modified":"2026-04-14T06:26:10","modified_gmt":"2026-04-14T06:26:10","slug":"inigo-elorza-marenco","status":"publish","type":"team","link":"https:\/\/www.todanelo.com\/ca\/equipo-profesional\/inigo-elorza-marenco\/","title":{"rendered":"\u00cd\u00f1igo Elorza Marenco"},"content":{"rendered":"<ul>\n<li>Advocat de l&#8217;\u00e0rea de Dret Laboral especialitzat en procediments de reestructuracions (acomiadaments col\u00b7lectius, ERTE&#8217;s, etc.), negociaci\u00f3 col\u00b7lectiva, intervenci\u00f3 en procediments judicials i davant de l&#8217;autoritat laboral, procediments de Seguretat Social, mobilitat internacional de treballadors i assessorament a alts directius i expatriats.<\/li>\n<li>Compte amb m\u00e9s de 14 anys d&#8217;experi\u00e8ncia en l&#8217;assessorament a companyies multinacionals i nacionals de diferents sectors, entre els quals destaquen els mitjans de comunicaci\u00f3, assegurances, editorial, alimentaci\u00f3, empreses tecnol\u00f2giques, transport i siderometal\u00b7l\u00fargia.<\/li>\n<li>Llicenciat en dret per la Universitat Complutense de Madrid.<\/li>\n<li>M\u00e0ster en Dret Empresarial pel Centre d\u00b4Estudis Garrigues.<\/li>\n<li>Col\u00b7legiat a l&#8217;Il\u00b7lustre Col\u00b7legi d&#8217;Advocats de Madrid a l&#8217;any 2009.<\/li>\n<\/ul>\n","protected":false},"excerpt":{"rendered":"<p>Advocat de l&#8217;\u00e0rea de Dret Laboral especialitzat en procediments de reestructuracions (acomiadaments col\u00b7lectius, ERTE&#8217;s, etc.), negociaci\u00f3 col\u00b7lectiva, intervenci\u00f3 en procediments judicials i davant de l&#8217;autoritat laboral, procediments de Seguretat Social, &hellip;<\/p>\n","protected":false},"featured_media":4658,"template":"","meta":{"_acf_changed":false,"footnotes":""},"language":[100,94],"jerarquia":[177],"expertise":[405,402,408,411,414],"sector":[],"class_list":["post-1856","team","type-team","status-publish","has-post-thumbnail","hentry","language-english-ca","language-espanol-ca","jerarquia-counsel-ca","expertise-dret-del-treball","expertise-laboral-ca","expertise-dret-de-la-seguretat-social-i-prevencio-de-riscos-laborals","expertise-negociacio-i-conflictes-collectius","expertise-relacions-laborals-especials-i-trade"],"acf":[],"yoast_head":"<!-- This site is optimized with the Yoast SEO plugin v27.4 - https:\/\/yoast.com\/product\/yoast-seo-wordpress\/ -->\n<title>\u00cd\u00f1igo Elorza Marenco - Toda &amp; Nel-lo Abogados<\/title>\n<meta name=\"description\" content=\"Advocat de l&#039;\u00e0rea de Dret Laboral especialitzat en procediments de reestructuracions (acomiadaments col\u00b7lectius, ERTE&#039;s, etc.), negociaci\u00f3 col\u00b7lectiva,\" \/>\n<meta name=\"robots\" content=\"index, follow, max-snippet:-1, max-image-preview:large, max-video-preview:-1\" \/>\n<link rel=\"canonical\" href=\"https:\/\/www.todanelo.com\/ca\/equipo-profesional\/inigo-elorza-marenco\/\" \/>\n<meta property=\"og:locale\" content=\"ca_ES\" \/>\n<meta property=\"og:type\" content=\"article\" \/>\n<meta property=\"og:title\" content=\"\u00cd\u00f1igo Elorza Marenco - Toda &amp; Nel-lo Abogados\" \/>\n<meta property=\"og:description\" content=\"Advocat de l&#039;\u00e0rea de Dret Laboral especialitzat en procediments de reestructuracions (acomiadaments col\u00b7lectius, ERTE&#039;s, etc.), negociaci\u00f3 col\u00b7lectiva,\" \/>\n<meta property=\"og:url\" content=\"https:\/\/www.todanelo.com\/ca\/equipo-profesional\/inigo-elorza-marenco\/\" \/>\n<meta property=\"og:site_name\" content=\"Toda &amp; Nel-lo Abogados\" \/>\n<meta property=\"article:modified_time\" content=\"2026-04-14T06:26:10+00:00\" \/>\n<meta property=\"og:image\" content=\"https:\/\/www.todanelo.com\/wp-content\/uploads\/Inigo-Elorza-bn-corbata-baja.jpg\" \/>\n\t<meta property=\"og:image:width\" content=\"1296\" \/>\n\t<meta property=\"og:image:height\" content=\"972\" \/>\n\t<meta property=\"og:image:type\" content=\"image\/jpeg\" \/>\n<meta name=\"twitter:card\" content=\"summary_large_image\" \/>\n<meta name=\"twitter:label1\" content=\"Temps estimat de lectura\" \/>\n\t<meta name=\"twitter:data1\" content=\"1 minut\" \/>\n<script type=\"application\/ld+json\" class=\"yoast-schema-graph\">{\"@context\":\"https:\\\/\\\/schema.org\",\"@graph\":[{\"@type\":\"WebPage\",\"@id\":\"https:\\\/\\\/www.todanelo.com\\\/ca\\\/equipo-profesional\\\/inigo-elorza-marenco\\\/\",\"url\":\"https:\\\/\\\/www.todanelo.com\\\/ca\\\/equipo-profesional\\\/inigo-elorza-marenco\\\/\",\"name\":\"\u00cd\u00f1igo Elorza Marenco - Toda &amp; Nel-lo Abogados\",\"isPartOf\":{\"@id\":\"https:\\\/\\\/www.todanelo.com\\\/ca\\\/#website\"},\"primaryImageOfPage\":{\"@id\":\"https:\\\/\\\/www.todanelo.com\\\/ca\\\/equipo-profesional\\\/inigo-elorza-marenco\\\/#primaryimage\"},\"image\":{\"@id\":\"https:\\\/\\\/www.todanelo.com\\\/ca\\\/equipo-profesional\\\/inigo-elorza-marenco\\\/#primaryimage\"},\"thumbnailUrl\":\"https:\\\/\\\/www.todanelo.com\\\/wp-content\\\/uploads\\\/Inigo-Elorza-bn-corbata-baja.jpg\",\"datePublished\":\"2024-12-18T09:00:12+00:00\",\"dateModified\":\"2026-04-14T06:26:10+00:00\",\"description\":\"Advocat de l'\u00e0rea de Dret Laboral especialitzat en procediments de reestructuracions (acomiadaments col\u00b7lectius, ERTE's, etc.), negociaci\u00f3 col\u00b7lectiva,\",\"breadcrumb\":{\"@id\":\"https:\\\/\\\/www.todanelo.com\\\/ca\\\/equipo-profesional\\\/inigo-elorza-marenco\\\/#breadcrumb\"},\"inLanguage\":\"ca\",\"potentialAction\":[{\"@type\":\"ReadAction\",\"target\":[\"https:\\\/\\\/www.todanelo.com\\\/ca\\\/equipo-profesional\\\/inigo-elorza-marenco\\\/\"]}]},{\"@type\":\"ImageObject\",\"inLanguage\":\"ca\",\"@id\":\"https:\\\/\\\/www.todanelo.com\\\/ca\\\/equipo-profesional\\\/inigo-elorza-marenco\\\/#primaryimage\",\"url\":\"https:\\\/\\\/www.todanelo.com\\\/wp-content\\\/uploads\\\/Inigo-Elorza-bn-corbata-baja.jpg\",\"contentUrl\":\"https:\\\/\\\/www.todanelo.com\\\/wp-content\\\/uploads\\\/Inigo-Elorza-bn-corbata-baja.jpg\",\"width\":1296,\"height\":972},{\"@type\":\"BreadcrumbList\",\"@id\":\"https:\\\/\\\/www.todanelo.com\\\/ca\\\/equipo-profesional\\\/inigo-elorza-marenco\\\/#breadcrumb\",\"itemListElement\":[{\"@type\":\"ListItem\",\"position\":1,\"name\":\"Inicio\",\"item\":\"https:\\\/\\\/www.todanelo.com\\\/ca\\\/\"},{\"@type\":\"ListItem\",\"position\":2,\"name\":\"\u00cd\u00f1igo Elorza Marenco\"}]},{\"@type\":\"WebSite\",\"@id\":\"https:\\\/\\\/www.todanelo.com\\\/ca\\\/#website\",\"url\":\"https:\\\/\\\/www.todanelo.com\\\/ca\\\/\",\"name\":\"Toda &amp; Nel-lo Abogados\",\"description\":\"Despatx de jur\u00eddic a Barcelona i Madrid\",\"publisher\":{\"@id\":\"https:\\\/\\\/www.todanelo.com\\\/ca\\\/#organization\"},\"potentialAction\":[{\"@type\":\"SearchAction\",\"target\":{\"@type\":\"EntryPoint\",\"urlTemplate\":\"https:\\\/\\\/www.todanelo.com\\\/ca\\\/?s={search_term_string}\"},\"query-input\":{\"@type\":\"PropertyValueSpecification\",\"valueRequired\":true,\"valueName\":\"search_term_string\"}}],\"inLanguage\":\"ca\"},{\"@type\":\"Organization\",\"@id\":\"https:\\\/\\\/www.todanelo.com\\\/ca\\\/#organization\",\"name\":\"Toda &amp; Nel-lo Abogados\",\"url\":\"https:\\\/\\\/www.todanelo.com\\\/ca\\\/\",\"logo\":{\"@type\":\"ImageObject\",\"inLanguage\":\"ca\",\"@id\":\"https:\\\/\\\/www.todanelo.com\\\/ca\\\/#\\\/schema\\\/logo\\\/image\\\/\",\"url\":\"https:\\\/\\\/www.todanelo.com\\\/wp-content\\\/uploads\\\/logo-todanelo.png\",\"contentUrl\":\"https:\\\/\\\/www.todanelo.com\\\/wp-content\\\/uploads\\\/logo-todanelo.png\",\"width\":390,\"height\":161,\"caption\":\"Toda &amp; Nel-lo Abogados\"},\"image\":{\"@id\":\"https:\\\/\\\/www.todanelo.com\\\/ca\\\/#\\\/schema\\\/logo\\\/image\\\/\"}}]}<\/script>\n<!-- \/ Yoast SEO plugin. -->","yoast_head_json":{"title":"\u00cd\u00f1igo Elorza Marenco - Toda &amp; Nel-lo Abogados","description":"Advocat de l'\u00e0rea de Dret Laboral especialitzat en procediments de reestructuracions (acomiadaments col\u00b7lectius, ERTE's, etc.), negociaci\u00f3 col\u00b7lectiva,","robots":{"index":"index","follow":"follow","max-snippet":"max-snippet:-1","max-image-preview":"max-image-preview:large","max-video-preview":"max-video-preview:-1"},"canonical":"https:\/\/www.todanelo.com\/ca\/equipo-profesional\/inigo-elorza-marenco\/","og_locale":"ca_ES","og_type":"article","og_title":"\u00cd\u00f1igo Elorza Marenco - Toda &amp; Nel-lo Abogados","og_description":"Advocat de l'\u00e0rea de Dret Laboral especialitzat en procediments de reestructuracions (acomiadaments col\u00b7lectius, ERTE's, etc.), negociaci\u00f3 col\u00b7lectiva,","og_url":"https:\/\/www.todanelo.com\/ca\/equipo-profesional\/inigo-elorza-marenco\/","og_site_name":"Toda &amp; Nel-lo Abogados","article_modified_time":"2026-04-14T06:26:10+00:00","og_image":[{"width":1296,"height":972,"url":"https:\/\/www.todanelo.com\/wp-content\/uploads\/Inigo-Elorza-bn-corbata-baja.jpg","type":"image\/jpeg"}],"twitter_card":"summary_large_image","twitter_misc":{"Temps estimat de lectura":"1 minut"},"schema":{"@context":"https:\/\/schema.org","@graph":[{"@type":"WebPage","@id":"https:\/\/www.todanelo.com\/ca\/equipo-profesional\/inigo-elorza-marenco\/","url":"https:\/\/www.todanelo.com\/ca\/equipo-profesional\/inigo-elorza-marenco\/","name":"\u00cd\u00f1igo Elorza Marenco - Toda &amp; Nel-lo Abogados","isPartOf":{"@id":"https:\/\/www.todanelo.com\/ca\/#website"},"primaryImageOfPage":{"@id":"https:\/\/www.todanelo.com\/ca\/equipo-profesional\/inigo-elorza-marenco\/#primaryimage"},"image":{"@id":"https:\/\/www.todanelo.com\/ca\/equipo-profesional\/inigo-elorza-marenco\/#primaryimage"},"thumbnailUrl":"https:\/\/www.todanelo.com\/wp-content\/uploads\/Inigo-Elorza-bn-corbata-baja.jpg","datePublished":"2024-12-18T09:00:12+00:00","dateModified":"2026-04-14T06:26:10+00:00","description":"Advocat de l'\u00e0rea de Dret Laboral especialitzat en procediments de reestructuracions (acomiadaments col\u00b7lectius, ERTE's, etc.), negociaci\u00f3 col\u00b7lectiva,","breadcrumb":{"@id":"https:\/\/www.todanelo.com\/ca\/equipo-profesional\/inigo-elorza-marenco\/#breadcrumb"},"inLanguage":"ca","potentialAction":[{"@type":"ReadAction","target":["https:\/\/www.todanelo.com\/ca\/equipo-profesional\/inigo-elorza-marenco\/"]}]},{"@type":"ImageObject","inLanguage":"ca","@id":"https:\/\/www.todanelo.com\/ca\/equipo-profesional\/inigo-elorza-marenco\/#primaryimage","url":"https:\/\/www.todanelo.com\/wp-content\/uploads\/Inigo-Elorza-bn-corbata-baja.jpg","contentUrl":"https:\/\/www.todanelo.com\/wp-content\/uploads\/Inigo-Elorza-bn-corbata-baja.jpg","width":1296,"height":972},{"@type":"BreadcrumbList","@id":"https:\/\/www.todanelo.com\/ca\/equipo-profesional\/inigo-elorza-marenco\/#breadcrumb","itemListElement":[{"@type":"ListItem","position":1,"name":"Inicio","item":"https:\/\/www.todanelo.com\/ca\/"},{"@type":"ListItem","position":2,"name":"\u00cd\u00f1igo Elorza Marenco"}]},{"@type":"WebSite","@id":"https:\/\/www.todanelo.com\/ca\/#website","url":"https:\/\/www.todanelo.com\/ca\/","name":"Toda &amp; Nel-lo Abogados","description":"Despatx de jur\u00eddic a Barcelona i Madrid","publisher":{"@id":"https:\/\/www.todanelo.com\/ca\/#organization"},"potentialAction":[{"@type":"SearchAction","target":{"@type":"EntryPoint","urlTemplate":"https:\/\/www.todanelo.com\/ca\/?s={search_term_string}"},"query-input":{"@type":"PropertyValueSpecification","valueRequired":true,"valueName":"search_term_string"}}],"inLanguage":"ca"},{"@type":"Organization","@id":"https:\/\/www.todanelo.com\/ca\/#organization","name":"Toda &amp; Nel-lo Abogados","url":"https:\/\/www.todanelo.com\/ca\/","logo":{"@type":"ImageObject","inLanguage":"ca","@id":"https:\/\/www.todanelo.com\/ca\/#\/schema\/logo\/image\/","url":"https:\/\/www.todanelo.com\/wp-content\/uploads\/logo-todanelo.png","contentUrl":"https:\/\/www.todanelo.com\/wp-content\/uploads\/logo-todanelo.png","width":390,"height":161,"caption":"Toda &amp; Nel-lo Abogados"},"image":{"@id":"https:\/\/www.todanelo.com\/ca\/#\/schema\/logo\/image\/"}}]}},"_links":{"self":[{"href":"https:\/\/www.todanelo.com\/ca\/wp-json\/wp\/v2\/team\/1856","targetHints":{"allow":["GET"]}}],"collection":[{"href":"https:\/\/www.todanelo.com\/ca\/wp-json\/wp\/v2\/team"}],"about":[{"href":"https:\/\/www.todanelo.com\/ca\/wp-json\/wp\/v2\/types\/team"}],"version-history":[{"count":1,"href":"https:\/\/www.todanelo.com\/ca\/wp-json\/wp\/v2\/team\/1856\/revisions"}],"predecessor-version":[{"id":4750,"href":"https:\/\/www.todanelo.com\/ca\/wp-json\/wp\/v2\/team\/1856\/revisions\/4750"}],"wp:featuredmedia":[{"embeddable":true,"href":"https:\/\/www.todanelo.com\/ca\/wp-json\/wp\/v2\/media\/4658"}],"wp:attachment":[{"href":"https:\/\/www.todanelo.com\/ca\/wp-json\/wp\/v2\/media?parent=1856"}],"wp:term":[{"taxonomy":"language","embeddable":true,"href":"https:\/\/www.todanelo.com\/ca\/wp-json\/wp\/v2\/language?post=1856"},{"taxonomy":"jerarquia","embeddable":true,"href":"https:\/\/www.todanelo.com\/ca\/wp-json\/wp\/v2\/jerarquia?post=1856"},{"taxonomy":"expertise","embeddable":true,"href":"https:\/\/www.todanelo.com\/ca\/wp-json\/wp\/v2\/expertise?post=1856"},{"taxonomy":"sector","embeddable":true,"href":"https:\/\/www.todanelo.com\/ca\/wp-json\/wp\/v2\/sector?post=1856"}],"curies":[{"name":"wp","href":"https:\/\/api.w.org\/{rel}","templated":true}]}}

Íñigo Elorza Marenco

<ul>
<li>Advocat de l&#8217;àrea de Dret Laboral especialitzat en procediments de reestructuracions (acomiadaments col·lectius, ERTE&#8217;s, etc.), negociació col·lectiva, intervenció en procediments judicials i davant de l&#8217;autoritat laboral, procediments de Seguretat Social, mobilitat internacional de treballadors i assessorament a alts directius i expatriats.</li>
<li>Compte amb més de 14 anys d&#8217;experiència en l&#8217;assessorament a companyies multinacionals i nacionals de diferents sectors, entre els quals destaquen els mitjans de comunicació, assegurances, editorial, alimentació, empreses tecnològiques, transport i siderometal·lúrgia.</li>
<li>Llicenciat en dret per la Universitat Complutense de Madrid.</li>
<li>Màster en Dret Empresarial pel Centre d´Estudis Garrigues.</li>
<li>Col·legiat a l&#8217;Il·lustre Col·legi d&#8217;Advocats de Madrid a l&#8217;any 2009.</li>
</ul>

<p>Advocat de l&#8217;àrea de Dret Laboral especialitzat en procediments de reestructuracions (acomiadaments col·lectius, ERTE&#8217;s, etc.), negociació col·lectiva, intervenció en procediments judicials i davant de l&#8217;autoritat laboral, procediments de Seguretat Social, &hellip;</p>

<!-- This site is optimized with the Yoast SEO plugin v27.4 - https://yoast.com/product/yoast-seo-wordpress/ -->
<title>Íñigo Elorza Marenco - Toda &amp; Nel-lo Abogados</title>
<meta name="description" content="Advocat de l&#039;àrea de Dret Laboral especialitzat en procediments de reestructuracions (acomiadaments col·lectius, ERTE&#039;s, etc.), negociació col·lectiva," />
<meta name="robots" content="index, follow, max-snippet:-1, max-image-preview:large, max-video-preview:-1" />
<link rel="canonical" href="https://www.todanelo.com/ca/equipo-profesional/inigo-elorza-marenco/" />
<meta property="og:locale" content="ca_ES" />
<meta property="og:type" content="article" />
<meta property="og:title" content="Íñigo Elorza Marenco - Toda &amp; Nel-lo Abogados" />
<meta property="og:description" content="Advocat de l&#039;àrea de Dret Laboral especialitzat en procediments de reestructuracions (acomiadaments col·lectius, ERTE&#039;s, etc.), negociació col·lectiva," />
<meta property="og:url" content="https://www.todanelo.com/ca/equipo-profesional/inigo-elorza-marenco/" />
<meta property="og:site_name" content="Toda &amp; Nel-lo Abogados" />
<meta property="article:modified_time" content="2026-04-14T06:26:10+00:00" />
<meta property="og:image" content="https://www.todanelo.com/wp-content/uploads/Inigo-Elorza-bn-corbata-baja.jpg" />
	<meta property="og:image:width" content="1296" />
	<meta property="og:image:height" content="972" />
	<meta property="og:image:type" content="image/jpeg" />
<meta name="twitter:card" content="summary_large_image" />
<meta name="twitter:label1" content="Temps estimat de lectura" />
	<meta name="twitter:data1" content="1 minut" />
<script type="application/ld+json" class="yoast-schema-graph">{"@context":"https:\/\/schema.org","@graph":[{"@type":"WebPage","@id":"https:\/\/www.todanelo.com\/ca\/equipo-profesional\/inigo-elorza-marenco\/","url":"https:\/\/www.todanelo.com\/ca\/equipo-profesional\/inigo-elorza-marenco\/","name":"Íñigo Elorza Marenco - Toda &amp; Nel-lo Abogados","isPartOf":{"@id":"https:\/\/www.todanelo.com\/ca\/#website"},"primaryImageOfPage":{"@id":"https:\/\/www.todanelo.com\/ca\/equipo-profesional\/inigo-elorza-marenco\/#primaryimage"},"image":{"@id":"https:\/\/www.todanelo.com\/ca\/equipo-profesional\/inigo-elorza-marenco\/#primaryimage"},"thumbnailUrl":"https:\/\/www.todanelo.com\/wp-content\/uploads\/Inigo-Elorza-bn-corbata-baja.jpg","datePublished":"2024-12-18T09:00:12+00:00","dateModified":"2026-04-14T06:26:10+00:00","description":"Advocat de l'àrea de Dret Laboral especialitzat en procediments de reestructuracions (acomiadaments col·lectius, ERTE's, etc.), negociació col·lectiva,","breadcrumb":{"@id":"https:\/\/www.todanelo.com\/ca\/equipo-profesional\/inigo-elorza-marenco\/#breadcrumb"},"inLanguage":"ca","potentialAction":[{"@type":"ReadAction","target":["https:\/\/www.todanelo.com\/ca\/equipo-profesional\/inigo-elorza-marenco\/"]}]},{"@type":"ImageObject","inLanguage":"ca","@id":"https:\/\/www.todanelo.com\/ca\/equipo-profesional\/inigo-elorza-marenco\/#primaryimage","url":"https:\/\/www.todanelo.com\/wp-content\/uploads\/Inigo-Elorza-bn-corbata-baja.jpg","contentUrl":"https:\/\/www.todanelo.com\/wp-content\/uploads\/Inigo-Elorza-bn-corbata-baja.jpg","width":1296,"height":972},{"@type":"BreadcrumbList","@id":"https:\/\/www.todanelo.com\/ca\/equipo-profesional\/inigo-elorza-marenco\/#breadcrumb","itemListElement":[{"@type":"ListItem","position":1,"name":"Inicio","item":"https:\/\/www.todanelo.com\/ca\/"},{"@type":"ListItem","position":2,"name":"Íñigo Elorza Marenco"}]},{"@type":"WebSite","@id":"https:\/\/www.todanelo.com\/ca\/#website","url":"https:\/\/www.todanelo.com\/ca\/","name":"Toda &amp; Nel-lo Abogados","description":"Despatx de jurídic a Barcelona i Madrid","publisher":{"@id":"https:\/\/www.todanelo.com\/ca\/#organization"},"potentialAction":[{"@type":"SearchAction","target":{"@type":"EntryPoint","urlTemplate":"https:\/\/www.todanelo.com\/ca\/?s={search_term_string}"},"query-input":{"@type":"PropertyValueSpecification","valueRequired":true,"valueName":"search_term_string"}}],"inLanguage":"ca"},{"@type":"Organization","@id":"https:\/\/www.todanelo.com\/ca\/#organization","name":"Toda &amp; Nel-lo Abogados","url":"https:\/\/www.todanelo.com\/ca\/","logo":{"@type":"ImageObject","inLanguage":"ca","@id":"https:\/\/www.todanelo.com\/ca\/#\/schema\/logo\/image\/","url":"https:\/\/www.todanelo.com\/wp-content\/uploads\/logo-todanelo.png","contentUrl":"https:\/\/www.todanelo.com\/wp-content\/uploads\/logo-todanelo.png","width":390,"height":161,"caption":"Toda &amp; Nel-lo Abogados"},"image":{"@id":"https:\/\/www.todanelo.com\/ca\/#\/schema\/logo\/image\/"}}]}</script>
<!-- / Yoast SEO plugin. -->

Íñigo Elorza Marenco - Toda &amp; Nel-lo Abogados

Advocat de l'àrea de Dret Laboral especialitzat en procediments de reestructuracions (acomiadaments col·lectius, ERTE's, etc.), negociació col·lectiva,

Despatx de jurídic a Barcelona i Madrid
